r when 56 is divided by 28?
0
What is the remainder when 1 is divided by 1?
0
What is the remainder when 433 is divided by 81?
28
What is the remainder when 503 is divided by 162?
17
What is the remainder when 774 is divided by 93?
30
Calculate the remainder when 343 is divided by 58.
53
What is the remainder when 262 is divided by 24?
22
What is the remainder when 86 is divided by 16?
6
Calculate the remainder when 958 is divided by 13.
9
Calculate the remainder when 131 is divided by 84.
47
What is the remainder when 4413 is divided by 69?
66
What is the remainder when 547 is divided by 37?
29
What is the remainder when 483 is divided by 195?
93
Calculate the remainder when 1078 is divided by 352.
22
What is the remainder when 323 is divided by 12?
11
Calculate the remainder when 586 is divided by 21.
19
What is the remainder when 69 is divided by 10?
9
Calculate the remainder when 4177 is divided by 55.
52
What is the remainder when 1048 is divided by 267?
247
What is the remainder when 197 is divided by 50?
47
Calculate the remainder when 1259 is divided by 60.
59
What is the remainder when 54 is divided by 10?
4
What is the remainder when 175 is divided by 7?
0
What is the remainder when 1926 is divided by 42?
36
What is the remainder when 1106 is divided by 45?
26
Calculate the remainder when 138 is divided by 66.
6
What is the remainder when 433 is divided by 108?
1
What is the remainder when 18194 is divided by 31?
28
What is the remainder when 922 is divided by 47?
29
Calculate the remainder when 393 is divided by 81.
69
Calculate the remainder when 237 is divided by 73.
18
What is the remainder when 97 is divided by 46?
5
What is the remainder when 1631 is divided by 41?
32
Calculate the remainder when 381 is divided by 35.
31
What is the remainder when 23 is divided by 9?
5
Calculate the remainder when 215 is divided by 36.
35
Calculate the remainder when 110 is divided by 13.
6
What is the remainder when 154 is divided by 12?
10
Calculate the remainder when 108 is divided by 22.
20
What is the remainder when 41 is divided by 11?
8
Calculate the remainder when 288 is divided by 10.
8
What is the remainder when 2422 is divided by 54?
46
What is the remainder when 248 is divided by 79?
11
Calculate the remainder when 74 is divided by 19.
17
What is the remainder when 154 is divided by 44?
22
Calculate the remainder when 140 is divided by 17.
4
What is the remainder when 202 is divided by 75?
52
What is the remainder when 228 is divided by 33?
30
What is the remainder when 306 is divided by 129?
48
Calculate the remainder when 922 is divided by 458.
6
Calculate the remainder when 1827 is divided by 65.
7
What is the remainder when 180 is divided by 26?
24
What is the remainder when 7665 is divided by 108?
105
What is the remainder when 108 is divided by 66?
42
What is the remainder when 271 is divided by 25?
21
Calculate the remainder when 2645 is divided by 140.
125
Calculate the remainder when 158 is divided by 54.
50
Calculate the remainder when 25 is divided by 21.
4
Calculate the remainder when 173 is divided by 60.
53
Calculate the remainder when 2640 is divided by 3.
0
What is the remainder when 96 is divided by 39?
18
What is the remainder when 713 is divided by 31?
0
What is the remainder when 1798 is divided by 200?
198
What is the remainder when 13086 is divided by 16?
14
What is the remainder when 767 is divided by 62?
23
What is the remainder when 38 is divided by 14?
10
Calculate the remainder when 169 is divided by 19.
17
What is the remainder when 127 is divided by 117?
10
What is the remainder when 18121 is divided by 21?
19
What is the remainder when 3553 is divided by 444?
1
What is the remainder when 123 is divided by 36?
15
What is the remainder when 282 is divided by 64?
26
What is the remainder when 289 is divided by 171?
118
What is the remainder when 1118 is divided by 162?
146
Calculate the remainder when 53 is divided by 22.
9
Calculate the remainder when 86 is divided by 24.
14
What is the remainder when 2219 is divided by 11?
8
Calculate the remainder when 6170 is divided by 100.
70
Calculate the remainder when 8941 is divided by 17.
16
Calculate the remainder when 429 is divided by 27.
24
What is the remainder when 104 is divided by 29?
17
What is the remainder when 1496 is divided by 100?
96
What is the remainder when 225 is divided by 23?
18
Calculate the remainder when 1991 is divided by 15.
11
What is the remainder when 621 is divided by 42?
33
What is the remainder when 479 is divided by 95?
4
Calculate the remainder when 4342 is divided by 37.
13
What is the remainder when 2999 is divided by 65?
9
What is the remainder when 3918 is divided by 16?
14
Calculate the remainder when 261 is divided by 33.
30
What is the remainder when 646 is divided by 82?
72
What is the remainder when 33 is divided by 5?
3
What is the remainder when 581 is divided by 158?
107
Calculate the remainder when 1451 is divided by 77.
65
Calculate the remainder when 34 is divided by 2.
0
What is the remainder when 4195 is divided by 100?
95
Calculate the remainder when 30 is divided by 19.
11
What is the remainder when 825 is divided by 30?
15
What is the remainder when 190 is divided by 65?
60
Calculate the remainder when 204 is divided by 57.
33
Calculate the remainder when 303 is divided by 11.
6
Calculate the remainder when 1339 is divided by 10.
9
Calculate the remainder when 398 is divided by 101.
95
What is the remainder when 258 is divided by 9?
6
What is the remainder when 44837 is divided by 18?
17
What is the remainder when 222 is divided by 111?
0
Calculate the remainder when 472 is divided by 53.
48
Calculate the remainder when 88 is divided by 38.
12
What is the remainder when 573 is divided by 307?
266
Calculate the remainder when 2675 is divided by 122.
113
Calculate the remainder when 133 is divided by 58.
17
Calculate the remainder when 225 is divided by 20.
5
Calculate the remainder when 835 is divided by 98.
51
Calculate the remainder when 16749 is divided by 3.
0
What is the remainder when 2688 is divided by 69?
66
What is the remainder when 188 is divided by 46?
4
Calculate the remainder when 6476 is divided by 82.
80
What is the remainder when 98 is divided by 46?
6
What is the remainder when 8536 is divided by 20?
16
What is the remainder when 72 is divided by 23?
3
What is the remainder when 1983 is divided by 280?
23
Calculate the remainder when 186 is divided by 41.
22
What is the remainder when 194 is divided by 64?
2
What is the remainder when 125 is divided by 21?
20
Calculate the remainder when 285 is divided by 36.
33
What is the remainder when 27 is divided by 10?
7
Calculate the remainder when 3989 is divided by 8.
5
Calculate the remainder when 1318 is divided by 40.
38
What is the remainder when 177 is divided by 14?
9
What is the remainder when 1444 is divided by 161?
156
What is the remainder when 2936 is divided by 733?
4
Calculate the remainder when 18 is divided by 17.
1
Calculate the remainder when 354 is divided by 99.
57
What is the remainder when 278 is divided by 10?
8
What is the remainder when 93 is divided by 16?
13
What is the remainder when 2039 is divided by 12?
11
Calculate the remainder when 444 is divided by 329.
115
What is the remainder when 217 is divided by 21?
7
What is the remainder when 140 is divided by 71?
69
Calculate the remainder when 129 is divided by 26.
25
What is the remainder when 8003 is divided by 276?
275
What is the remainder when 4547 is divided by 50?
47
What is the remainder when 157 is divided by 49?
10
What is the remainder when 760 is divided by 161?
116
Calculate the remainder when 9794 is divided by 28.
22
Calculate the remainder when 251 is divided by 11.
9
What is the remainder when 293 is divided by 26?
7
What is the remainder when 110 is divided by 58?
52
What is the remainder when 1633 is divided by 422?
367
What is the remainder when 520 is divided by 109?
84
Calculate the remainder when 18815 is divided by 112.
111
What is the remainder when 1354 is divided by 1334?
20
What is the remainder when 1696 is divided by 153?
13
Calculate the remainder when 209 is divided by 65.
14
Calculate the remainder when 9112 is divided by 3034.
10
Calc